{"version":"1.0","provider_name":"Campionato Carnico 2016","provider_url":"https:\/\/2016.carnico.it\/blog","title":"PICCO: \"LA COLLABORAZIONE CON LE SOCIETA PRIMA DI TUTTO\" - Campionato Carnico 2016","type":"rich","width":600,"height":338,"html":"<blockquote class=\"wp-embedded-content\" data-secret=\"pGDfSkoPvR\"><a href=\"https:\/\/2016.carnico.it\/blog\/2016\/12\/16\/picco-la-collaborazione-le-societa\/\">PICCO: &#8220;LA COLLABORAZIONE CON LE SOCIETA PRIMA DI TUTTO&#8221;<\/a><\/blockquote><iframe sandbox=\"allow-scripts\" security=\"restricted\" src=\"https:\/\/2016.carnico.it\/blog\/2016\/12\/16\/picco-la-collaborazione-le-societa\/embed\/#?secret=pGDfSkoPvR\" width=\"600\" height=\"338\" title=\"&#8220;PICCO: &#8220;LA COLLABORAZIONE CON LE SOCIETA PRIMA DI TUTTO&#8221;&#8221; &#8212; Campionato Carnico 2016\" data-secret=\"pGDfSkoPvR\" frameborder=\"0\" marginwidth=\"0\" marginheight=\"0\" scrolling=\"no\" class=\"wp-embedded-content\"><\/iframe><script type=\"text\/javascript\">\n\/* <![CDATA[ *\/\n\/*! This file is auto-generated *\/\n!function(d,l){\"use strict\";l.querySelector&&d.addEventListener&&\"undefined\"!=typeof URL&&(d.wp=d.wp||{},d.wp.receiveEmbedMessage||(d.wp.receiveEmbedMessage=function(e){var t=e.data;if((t||t.secret||t.message||t.value)&&!\/[^a-zA-Z0-9]\/.test(t.secret)){for(var s,r,n,a=l.querySelectorAll('iframe[data-secret=\"'+t.secret+'\"]'),o=l.querySelectorAll('blockquote[data-secret=\"'+t.secret+'\"]'),c=new RegExp(\"^https?:$\",\"i\"),i=0;i<o.length;i++)o[i].style.display=\"none\";for(i=0;i<a.length;i++)s=a[i],e.source===s.contentWindow&&(s.removeAttribute(\"style\"),\"height\"===t.message?(1e3<(r=parseInt(t.value,10))?r=1e3:~~r<200&&(r=200),s.height=r):\"link\"===t.message&&(r=new URL(s.getAttribute(\"src\")),n=new URL(t.value),c.test(n.protocol))&&n.host===r.host&&l.activeElement===s&&(d.top.location.href=t.value))}},d.addEventListener(\"message\",d.wp.receiveEmbedMessage,!1),l.addEventListener(\"DOMContentLoaded\",function(){for(var e,t,s=l.querySelectorAll(\"iframe.wp-embedded-content\"),r=0;r<s.length;r++)(t=(e=s[r]).getAttribute(\"data-secret\"))||(t=Math.random().toString(36).substring(2,12),e.src+=\"#?secret=\"+t,e.setAttribute(\"data-secret\",t)),e.contentWindow.postMessage({message:\"ready\",secret:t},\"*\")},!1)))}(window,document);\n\/\/# sourceURL=https:\/\/2016.carnico.it\/blog\/wp-includes\/js\/wp-embed.min.js\n\/* ]]> *\/\n<\/script>\n","description":"E\u2019 un Claudio Picco particolarmente emozionato quello che ci risponde al telefono dalla Delegazione di Tolmezzo, di cui ha appena assunto il \u201ccomando\u201d. \u00abEcco \u2013 ci dice \u2013 in questo momento \u00e8 proprio l\u2019emozione il sentimento pi\u00f9 forte che sto vivendo. So che ci sar\u00e0 da lavorare e gi\u00e0 ho iniziato a valutare alcuni aspetti, [&hellip;]","thumbnail_url":"\/\/www.carnico.it\/blog\/wp-content\/uploads\/2016\/12\/1CLAPI.jpg"}

E’ un Claudio Picco particolarmente emozionato quello che ci risponde al telefono dalla Delegazione di Tolmezzo, di cui ha appena assunto il “comando”. «Ecco – ci dice – in questo momento è proprio l’emozione il sentimento più forte che sto vivendo. So che ci sarà da lavorare e già ho iniziato a valutare alcuni aspetti, [&hellip;]
