{"version":"1.0","provider_name":"Campionato Carnico 2016","provider_url":"https:\/\/2016.carnico.it\/blog","title":"MANDI, AUGUSTO - Campionato Carnico 2016","type":"rich","width":600,"height":338,"html":"<blockquote class=\"wp-embedded-content\" data-secret=\"fNo4XBqN4U\"><a href=\"https:\/\/2016.carnico.it\/blog\/2012\/06\/18\/mandi-augusto\/\">MANDI, AUGUSTO<\/a><\/blockquote><iframe sandbox=\"allow-scripts\" security=\"restricted\" src=\"https:\/\/2016.carnico.it\/blog\/2012\/06\/18\/mandi-augusto\/embed\/#?secret=fNo4XBqN4U\" width=\"600\" height=\"338\" title=\"&#8220;MANDI, AUGUSTO&#8221; &#8212; Campionato Carnico 2016\" data-secret=\"fNo4XBqN4U\" frameborder=\"0\" marginwidth=\"0\" marginheight=\"0\" scrolling=\"no\" class=\"wp-embedded-content\"><\/iframe><script type=\"text\/javascript\">\n\/* <![CDATA[ *\/\n\/*! This file is auto-generated *\/\n!function(d,l){\"use strict\";l.querySelector&&d.addEventListener&&\"undefined\"!=typeof URL&&(d.wp=d.wp||{},d.wp.receiveEmbedMessage||(d.wp.receiveEmbedMessage=function(e){var t=e.data;if((t||t.secret||t.message||t.value)&&!\/[^a-zA-Z0-9]\/.test(t.secret)){for(var s,r,n,a=l.querySelectorAll('iframe[data-secret=\"'+t.secret+'\"]'),o=l.querySelectorAll('blockquote[data-secret=\"'+t.secret+'\"]'),c=new RegExp(\"^https?:$\",\"i\"),i=0;i<o.length;i++)o[i].style.display=\"none\";for(i=0;i<a.length;i++)s=a[i],e.source===s.contentWindow&&(s.removeAttribute(\"style\"),\"height\"===t.message?(1e3<(r=parseInt(t.value,10))?r=1e3:~~r<200&&(r=200),s.height=r):\"link\"===t.message&&(r=new URL(s.getAttribute(\"src\")),n=new URL(t.value),c.test(n.protocol))&&n.host===r.host&&l.activeElement===s&&(d.top.location.href=t.value))}},d.addEventListener(\"message\",d.wp.receiveEmbedMessage,!1),l.addEventListener(\"DOMContentLoaded\",function(){for(var e,t,s=l.querySelectorAll(\"iframe.wp-embedded-content\"),r=0;r<s.length;r++)(t=(e=s[r]).getAttribute(\"data-secret\"))||(t=Math.random().toString(36).substring(2,12),e.src+=\"#?secret=\"+t,e.setAttribute(\"data-secret\",t)),e.contentWindow.postMessage({message:\"ready\",secret:t},\"*\")},!1)))}(window,document);\n\/\/# sourceURL=https:\/\/2016.carnico.it\/blog\/wp-includes\/js\/wp-embed.min.js\n\/* ]]> *\/\n<\/script>\n","description":"Patrizio De Marchi ci ha mandato queste poche righe per ricordare Augusto Corradina. Invece di inserirle nei commenti, abbiamo pensato di dedicargli un piccolo spazio tutto suo. Ringraziamo Patrizio per averci dato la possibilit\u00e0 di salutare un altro grande del Carnico che non c&#8217;\u00e8 pi\u00f9. Mandi, Augusto, riposa in pace. Vorrei tramite questo sito poter [&hellip;]","thumbnail_url":"\/\/www.carnico.it\/blog\/wp-content\/uploads\/2012\/06\/CORRADINA-150x150.jpg"}

Patrizio De Marchi ci ha mandato queste poche righe per ricordare Augusto Corradina. Invece di inserirle nei commenti, abbiamo pensato di dedicargli un piccolo spazio tutto suo. Ringraziamo Patrizio per averci dato la possibilità di salutare un altro grande del Carnico che non c&#8217;è più. Mandi, Augusto, riposa in pace. Vorrei tramite questo sito poter [&hellip;]
